-2d64
In base 4, what is 132 - -31202?
32000
In base 8, what is 74 + -232?
-136
In base 14, what is -60 - -1ba?
15a
In base 9, what is -8 - -2337?
2328
In base 10, what is 5 + 7609?
7614
In base 13, what is 7 + 5714?
571b
In base 3, what is -1100221121 + -12?
-1100221210
In base 2, what is 11000011101 - -1000001010111?
1011001110100
In base 9, what is 157304 + 5?
157310
In base 14, what is -1 - a931a?
-a931b
In base 3, what is 1000 - -2200110?
2201110
In base 15, what is 2b5aa1 + 1?
2b5aa2
In base 10, what is -36 - 16679?
-16715
In base 3, what is -12120001012 + 12?
-12120001000
In base 9, what is 253 - -450?
713
In base 15, what is 3 + 2d68b?
2d68e
In base 15, what is -e8c6 + -1?
-e8c7
In base 16, what is 6 + -32800?
-327fa
In base 15, what is 356 - -31e?
675
In base 9, what is -138775 + -23?
-138808
In base 7, what is 51040 - 4?
51033
In base 13, what is 1 - 12b014?
-12b013
In base 7, what is 10625 + 2111?
13036
In base 16, what is 4 + -daac?
-daa8
In base 7, what is 3 - -410523?
410526
In base 7, what is -2 + -10111?
-10113
In base 11, what is -82145 - -2?
-82143
In base 2, what is 1010 - 10011000101000?
-10011000011110
In base 16, what is 5 + -29a?
-295
In base 9, what is -31 - 1724?
-1755
In base 14, what is -c4 + -2035?
-2119
In base 7, what is -1661 + 614?
-1044
In base 12, what is -414 - 44a?
-862
In base 2, what is 1100111 + -11000100?
-1011101
In base 15, what is -e9 - -1?
-e8
In base 3, what is -11 + 11202202020?
11202202002
In base 6, what is -2 - -4003145?
4003143
In base 15, what is -39 - -ac81?
ac47
In base 3, what is -22201011 + 1220?
-22122021
In base 16, what is -2952 - 4?
-2956
In base 15, what is -28e - 1399?
-1638
In base 8, what is -4 - 43214?
-43220
In base 15, what is a2 - -2b1?
363
In base 15, what is 26882 - -6?
26888
In base 10, what is -15214 - -54?
-15160
In base 15, what is -a - 1a90e?
-1a919
In base 11, what is -28909 - 7?
-28915
In base 9, what is 166 - -1565?
1742
In base 5, what is 20411122 + -4?
20411113
In base 5, what is 242123 - -2?
242130
In base 14, what is -2 + 63d?
63b
In base 10, what is -257 + -464?
-721
In base 4, what is -2101310 + -2?
-2101312
In base 7, what is -54101 - -6?
-54062
In base 12, what is -309b + 4?
-3097
In base 12, what is -5 + 143453?
14344a
In base 6, what is -1421 + -430?
-2251
In base 16, what is -4954 - -1?
-4953
In base 13, what is 1ab + -c19?
-a3b
In base 10, what is 84 - -4973?
5057
In base 10, what is -4221 + -49?
-4270
In base 12, what is -315 + 51a0?
4a87
In base 2, what is 10000 - -1111001110?
1111011110
In base 10, what is -4 - -1444940?
1444936
In base 9, what is -8 + 12751?
12742
In base 9, what is -5 - -60256?
60251
In base 15, what is -7 + 1e90?
1e88
In base 7, what is 15 + -230131?
-230113
In base 4, what is -10 + -231211321?
-231211331
In base 6, what is 34114 - 53?
34021
In base 3, what is 10212022102 + -2?
10212022100
In base 13, what is -2a0a34 - -2?
-2a0a32
In base 12, what is 1ab9341 + 3?
1ab9344
In base 5, what is -211 + -44043?
-44304
In base 3, what is 11220 - -11202010?
11221000
In base 4, what is -11 - 121321032?
-121321103
In base 12, what is 4b - -17b6?
1845
In base 13, what is 8 - 1c20?
-1c15
In base 10, what is 84 - -934?
1018
In base 9, what is 5 - -184683?
184688
In base 11, what is 428 + 105?
532
In base 13, what is -43 + -745b?
-74a1
In base 11, what is 5 + 38260a?
382614
In base 2, what is -10 - 1100101111000?
-1100101111010
In base 13, what is 2 + 724?
726
In base 14, what is -6 + 12dc9?
12dc3
In base 12, what is -63 + 931?
88a
In base 10, what is 14 + -3229?
-3215
In base 8, what is -3 - 17053?
-17056
In base 7, what is 622 - 45?
544
In base 4, what is 231112 - -1102?
232220
In base 10, what is 12559 + -21?
12538
In base 16, what is -4a1 + 6?
-49b
In base 10, what is -59 + 1733?
1674
In base 10, what is 5 - -829183?
829188
In base 9, what is 3 - 48831?
-48827
In base 16, what is -e - 1930?
-193e
In base 13, what is 13930 - -1?
13931
In base 12, what is 351080 - 0?
351080
In base 9, what is -65 + -47824?
-48000
In base 11, what is 9 + 21189?
21197
In base 3, what is 21 + 1111020120?
1111020211
In base 15, what is -1 + 22805?
22804
In base 4, what is 1333 + -30202?
-22203
In base 16, what is -2b0 - -12?
-29e
In base 15, what is -8 + -e56?
-e5e
In base 8, what is 24203 + -21?
24162
In base 7, what is 3063 + 12?
3105
In base 13, what is -1b81 - -4?
-1b7a
In base 13, what is 6 + 7b19?
7b22
In base 13, what is 12 + -676c?
-675a
In base 14, what is -8 + -3d74?
-3d7c
In base 14, what is ab5552 - 4?
ab554c
In base 11, what is 29 + 345?
373
In base 13, what is a3 + -1867?
-1794
In base 13, what is 3 + -a0689?
-a0686
In base 11, what is -1a5 - 1645?
-183a
In base 5, what is -1312 + -110?
-1422
In base 2, what is -110000 + 1100001001110001?
1100001001000001
In base 15, what is -3 + -41a18?
-41a1b
In base 5, what is 110044 - 11?
110033
In base 11, what is -20 - 11260?
-11280
In base 14, what is 70cb6 + -5?
70cb1
In base 15, what is a + d51d?
d528
In base 10, what is -5 + -306731?
-306736
In base 15, what is 148c + 4?
1491
In base 5, what is -3 - 114241234?
-114241242
In base 16, what is -9 - 28d2?
-28db
In base 2, what is 101000111011111 - 0?
101000111011111
In base 4, what is -123 - 113120?
-113303
In base 3, what is -12 + 211010002?
211002220
In base 12, what is -bb8 - 231?
-1229
In base 9, what is 14521 + -3?
14517
In base 14, what is 0 - -1350?
1350
In base 8, what is 2250640 - -2?
2250642
In base 5, what is 33430 + 1422?
40402
In base 16, what is a - -ba53f?
ba549
In base 4, what is 10 - -1320303?
1320313
In base 8, what is -1102 - 236?
-1340
In base 9, what is 225 - -178?
414
In base 11, what is -1a + 751?
732
In base 16, what is -2b + 2820?
27f5
In base 5, what is -14310 - 22?
-14332
In base 11, what is -4 - -25104?
25100
In base 16, what is -9a6 - ca?
-a70
In base 6, what is -35131 - 5?
-35140
In base 14, what is -2a87 - -7d?
-2a08
In base 9, what is -17014580 - -4?
-17014575
In base 9, what is 658 - -110?
768
In base 7, what is 4 + -12360?
-12353
In base 6, what is 0 - -214521?
214521
In base 11, what is -98936 - 4?
-9893a
In base 12, what is 8231 + -1?
8230
In base 10, what is 7647 + 19?
7666
In base 9, what is -475 + 70?
-405
In base 8, what is 6473 - -61?
6554
In base 16, what is 5 + -1e6b?
-1e66
In base 9, what is -523 - -460?
-53
In base 6, what is 235354 - 3?
235351
In base 2, what is -111001110011111 - -100?
-111001110011011
In base 3, what is 101001 + 1121?
102122
In base 7, what is 3 - -654406?
654412
In base 16, what is -2bb - 222?
-4dd
In base 13, what is -32cb + 28?
-32a3
In base 16, what is 931 - 5?
92c
In base 6, what is -3015 + -11?
-3030
In base 5, what is 1010 + -100?
410
In base 16, what is 5 - -281?
286
In base 13, what is -6265c - 2?
-62661
In base 12, what is -2 - -5ab0?
5aaa
In base 13, what is 1b - -5b6a?
5b88
In base 16, what is 17492 - 0?
17492
In base 16, what is eb7 + -8?
eaf
In base 8, what is -103425 + 0?
-103425
In base 7, what is -1 - -46320?
46316
In base 3, what is -222 + -2111000?
-2111222
In base 13, what is -2607 - 79?
-2683
In base 14, what is 1849 - 188?
16a1
In base 15, what is 38 + a31?
a69
In base 11, what is -9 - 5367?
-5375
In base 3, what is -1112202100020 - -12?
-1112202100001
In base 7, what is 1026216 - 2?
1026214
In base 7, what is -2225 - -5245?
3020
In base 6, what is -23420433 - -2?
-23420431
In base 7, what is 10201 - -12?
10213
In base 6, what is -14242533 - 3?
-14242540
In base 12, what is -a1 + -221b?
-2300
In base 3, what is 201 + -201121021?
-201120120
In base 10, what is -3 + 819?
816
In base 6, what is -22253 - -2405?
-15444
In base 5, what is 1041 + 121220?
122311
In base 11, what is a56a4 - 3?
a56a1
In base 13, what is 1 + 11b14?
11b15
In base 16, what is c53b - 8?
c533
In base 7, what is 205 - -106263?
106501
In base 3, what is -10001 + 111?
-2120
In base 6, what is -2411 - 145?
-3000
In base 3, what is -11 - -2021101102?
2021101021
In base 14, what is 5c13 + -4?
5c0d
In base 6, what is 554 + -50520?
-45522
In base 10, what is 125080 + 1?
125081
In base 13, what is -14157 - -3?
-14154
In base 8, what is 720 - 66?
632
In base 5, what is 133413 + -11?
133402
In base 6, what is -43211 - -2532?
-40235
In base 12, what is -16b - 461?
-610
In base 3, what is 1 - -12210020010?
12210020011